{"id":21511,"date":"2018-12-06T13:34:52","date_gmt":"2018-12-06T15:34:52","guid":{"rendered":"https:\/\/rafaelmartins.odo.br\/portal\/?page_id=21511"},"modified":"2021-01-30T19:00:29","modified_gmt":"2021-01-30T22:00:29","slug":"especialidades","status":"publish","type":"page","link":"https:\/\/rafaelmartins.odo.br\/portal\/especialidades\/","title":{"rendered":"Especialidades"},"content":{"rendered":"<section class=\"wpb-content-wrapper\">[vc_row][vc_column][mk_padding_divider][mk_fancy_title color=&#8221;#606060&#8243; size=&#8221;28&#8243; font_weight=&#8221;600&#8243; txt_transform=&#8221;uppercase&#8221; font_family=&#8221;none&#8221; align=&#8221;center&#8221;]Cirurgia Oral Menor[\/mk_fancy_title][vc_single_image image=&#8221;146&#8243; img_size=&#8221;5&#215;20&#8243; alignment=&#8221;center&#8221;][vc_row_inner][vc_column_inner width=&#8221;1\/2&#8243;][vc_single_image image=&#8221;21517&#8243; img_size=&#8221;full&#8221;][mk_icon_box_gradient icon_size=&#8221;32&#8243; icon=&#8221;mk-moon-medal-2&#8243; holder_shape=&#8221;starz&#8221; container_color=&#8221;#bfdadc&#8221; icon_hover_color=&#8221;#ffffff&#8221; title=&#8221;Nosso Diferencial&#8221; title_color=&#8221;#c07947&#8243; content_color=&#8221;#b5b5b5&#8243;]A realiza\u00e7\u00e3o dos procedimentos \u00e9 feita de uma maneira mais preventiva e com menos danos para o paciente. Portanto, prioriza-se a pr\u00e1tica de um protocolo de preven\u00e7\u00e3o de c\u00e2ncer oral com objetivo de diagnosticar les\u00f5es precoces e caso necess\u00e1rio indicar para o especialista.[\/mk_icon_box_gradient][\/vc_column_inner][vc_column_inner width=&#8221;1\/2&#8243;][vc_column_text css=&#8221;.vc_custom_1544110298436{margin-bottom: 0px !important;}&#8221;]Trata-se de pequenas cirurgias dentro da cavidade oral, tais como, extra\u00e7\u00f5es de sisos, remo\u00e7\u00e3o de cistos odontog\u00eanicos, remo\u00e7\u00e3o de pequenas les\u00f5es, remo\u00e7\u00e3o de freio lingual, extra\u00e7\u00e3o de dentes extra numer\u00e1rios e pequenas bi\u00f3psias de tecidos orais.[\/vc_column_text][\/vc_column_inner][\/vc_row_inner][\/vc_column][\/vc_row][vc_row][vc_column][mk_padding_divider][mk_fancy_title color=&#8221;#606060&#8243; size=&#8221;28&#8243; font_weight=&#8221;600&#8243; txt_transform=&#8221;uppercase&#8221; font_family=&#8221;none&#8221; align=&#8221;center&#8221;]Endodontia[\/mk_fancy_title][vc_single_image image=&#8221;146&#8243; img_size=&#8221;5&#215;20&#8243; alignment=&#8221;center&#8221;][vc_row_inner][vc_column_inner width=&#8221;1\/2&#8243;][vc_single_image image=&#8221;21524&#8243; img_size=&#8221;full&#8221;][mk_icon_box_gradient icon_size=&#8221;32&#8243; icon=&#8221;mk-moon-medal-2&#8243; holder_shape=&#8221;starz&#8221; container_color=&#8221;#bfdadc&#8221; icon_hover_color=&#8221;#ffffff&#8221; title=&#8221;Nosso Diferencial&#8221; title_color=&#8221;#c07947&#8243; content_color=&#8221;#b5b5b5&#8243;]Tratamento indolor com maior rapidez (chegando a realizar tratamentos em uma ou duas consultas) e menor destrui\u00e7\u00e3o dos tecidos dent\u00e1rios, devido \u00e0s inova\u00e7\u00f5es das t\u00e9cnicas da especialidade.[\/mk_icon_box_gradient][\/vc_column_inner][vc_column_inner width=&#8221;1\/2&#8243;][vc_column_text css=&#8221;.vc_custom_1544111665006{margin-bottom: 0px !important;}&#8221;]\u00c1rea da odontologia respons\u00e1vel pelo tratamento, retratamento de canal, clareamento dent\u00e1rio interno e cirurgias paraendod\u00f4nticas (cirurgias que envolvem les\u00f5es de canal). O tratamento consiste na remo\u00e7\u00e3o do tecido mole (polpa) que se encontra na parte interna (canal) do dente e pode estar vivo, sadio, inflamado, infectado ou morto.<\/p>\n<p>O tratamento do canal do dente lesionado \u00e9 muito importante para se evitar a necessidade de extra\u00e7\u00e3o do dente e prevenir infec\u00e7\u00f5es que podem ser muito perigosas para a sa\u00fade bucal do paciente.[\/vc_column_text][\/vc_column_inner][\/vc_row_inner][\/vc_column][\/vc_row][vc_row][vc_column][mk_padding_divider][mk_fancy_title color=&#8221;#606060&#8243; size=&#8221;28&#8243; font_weight=&#8221;600&#8243; txt_transform=&#8221;uppercase&#8221; font_family=&#8221;none&#8221; align=&#8221;center&#8221;]Est\u00e9tica Dental[\/mk_fancy_title][vc_single_image image=&#8221;146&#8243; img_size=&#8221;5&#215;20&#8243; alignment=&#8221;center&#8221;][vc_row_inner][vc_column_inner width=&#8221;1\/2&#8243;][vc_single_image image=&#8221;21526&#8243; img_size=&#8221;full&#8221;][mk_icon_box_gradient icon_size=&#8221;32&#8243; icon=&#8221;mk-moon-medal-2&#8243; holder_shape=&#8221;starz&#8221; container_color=&#8221;#bfdadc&#8221; icon_hover_color=&#8221;#ffffff&#8221; title=&#8221;Nosso Diferencial&#8221; title_color=&#8221;#c07947&#8243; content_color=&#8221;#b5b5b5&#8243;]O profundo conhecimento na \u00e1rea de est\u00e9tica possibilita ao paciente encontrar um tratamento que traz o resultado do rejuvenescimento do seu sorriso, n\u00e3o somente nas \u00e1reas de estrutura dent\u00e1ria, como no posicionamento dos l\u00e1bios, reposi\u00e7\u00e3o dos dentes perdidos com implantes, reconstru\u00e7\u00e3o das estruturas desgastadas com cirurgias reconstrutivas, clareamento dent\u00e1rio e um belo sorriso como resultado final.[\/mk_icon_box_gradient][\/vc_column_inner][vc_column_inner width=&#8221;1\/2&#8243;][vc_column_text css=&#8221;.vc_custom_1544111954135{margin-bottom: 0px !important;}&#8221;]Esta \u00e1rea de atua\u00e7\u00e3o que \u00e9 denominada dent\u00edstica restauradora tem como objetivo repor as estruturas dent\u00e1rias perdidas utilizando os princ\u00edpios mais modernos e preventivos da odontologia est\u00e9tica. Trata-se tamb\u00e9m do tratamento de restaura\u00e7\u00f5es de resina foto que s\u00e3o restaura\u00e7\u00f5es da cor do dente, blocos cer\u00e2micos onlay e inlay, facetas de resina foto polimeriz\u00e1veis diretas &#8211; indiretas e indiretas \u2013 diretas, laminados cer\u00e2micos, facetas cer\u00e2micas, lentes de contato e coroas de cer\u00e2mica pura.<\/p>\n<p>O paciente chega ao consult\u00f3rio e \u00e9 submetido \u00e0 an\u00e1lise da sua arcada dent\u00e1ria. O tom dos seus dentes \u00e9 mensurado por meio de tabela de cores de dentes. Junto ao paciente discute-se o melhor m\u00e9todo para se alcan\u00e7ar o clareamento, bem como o tratamento que possa possibilitar o rejuvenescimento do seu sorriso, n\u00e3o somente nas \u00e1reas de estrutura dent\u00e1ria, como tamb\u00e9m no posicionamento dos l\u00e1bios, reposi\u00e7\u00e3o dos dentes perdidos com implantes, reconstru\u00e7\u00e3o das estruturas desgastadas com cirurgias reconstrutivas, clareamento dent\u00e1rio.[\/vc_column_text][\/vc_column_inner][\/vc_row_inner][\/vc_column][\/vc_row][vc_row][vc_column][mk_padding_divider][mk_fancy_title color=&#8221;#606060&#8243; size=&#8221;28&#8243; font_weight=&#8221;600&#8243; txt_transform=&#8221;uppercase&#8221; font_family=&#8221;none&#8221; align=&#8221;center&#8221;]Implantes[\/mk_fancy_title][vc_single_image image=&#8221;146&#8243; img_size=&#8221;5&#215;20&#8243; alignment=&#8221;center&#8221;][vc_row_inner][vc_column_inner width=&#8221;1\/2&#8243;][vc_single_image image=&#8221;21528&#8243; img_size=&#8221;full&#8221;][mk_icon_box_gradient icon_size=&#8221;32&#8243; icon=&#8221;mk-moon-medal-2&#8243; holder_shape=&#8221;starz&#8221; container_color=&#8221;#bfdadc&#8221; icon_hover_color=&#8221;#ffffff&#8221; title=&#8221;Nosso Diferencial&#8221; title_color=&#8221;#c07947&#8243; content_color=&#8221;#b5b5b5&#8243;]A qualifica\u00e7\u00e3o t\u00e9cnica da cl\u00ednica e tamb\u00e9m a qualidade dos materiais empregados, que incluem materiais de moldagem importados, moldeiras especiais, aparelhos que n\u00e3o s\u00e3o encontrados com facilidade na regi\u00e3o e laborat\u00f3rios de pr\u00f3teses dent\u00e1rias de excelente qualidade, conseguimos obter dentes sobre implante de porcelanas de \u00faltima gera\u00e7\u00e3o. Al\u00e9m disso, possibilitamos a aplica\u00e7\u00e3o de cargas imediatas, por meio do qual o paciente chega ao consult\u00f3rio e tem seu dente extra\u00eddo e reposto no mesmo dia. Em alguns casos, chega-se a repor toda a arcada dent\u00e1ria.[\/mk_icon_box_gradient][\/vc_column_inner][vc_column_inner width=&#8221;1\/2&#8243;][vc_column_text css=&#8221;.vc_custom_1544112399740{margin-bottom: 0px !important;}&#8221;]Implantes dent\u00e1rios s\u00e3o suportes ou estruturas de metal (normalmente de tit\u00e2nio) posicionadas cirurgicamente no osso maxilar abaixo da gengiva para substituir as ra\u00edzes dent\u00e1rias. Uma vez colocados, permitem ao dentista montar dentes substitutos sobre eles.<\/p>\n<p>Por serem integrados ao osso, os implantes oferecem um suporte est\u00e1vel para os dentes artificiais. Pr\u00f3teses parciais e totais montadas sobre implantes n\u00e3o escorregar\u00e3o nem mudar\u00e3o de posi\u00e7\u00e3o na boca, um grande benef\u00edcio durante a alimenta\u00e7\u00e3o e fala.<\/p>\n<p>O tipo de implante mais recomendado na atualidade \u00e9 o \u00f3sseo integrado que se mostrou uma revolu\u00e7\u00e3o no tratamento de pacientes parcial ou totalmente desdentados.<\/p>\n<p><strong>Implante Unit\u00e1rio<\/strong><br \/>\nImplantes \u00f3sseo-integrados s\u00e3o implantados por meio cir\u00fargico diretamente no osso maxilar.<\/p>\n<p><strong>Pr\u00f3tese Protocolo<\/strong><br \/>\nPr\u00f3tese total implantosuportada e implantoretida, fixada sobre 4 a 8 implantes em m\u00e9dia. Esse tipo de pr\u00f3tese \u00e9 parafusada e retirada apenas pelo seu dentista. \u00c9 uma pr\u00f3tese que confere boa est\u00e9tica e \u00e9 uma \u00f3tima op\u00e7\u00e3o para quem pretende fugir da dentadura, pois todos os dentes s\u00e3o conectados entre si, sendo fixa na boca.<\/p>\n<p><strong>Pr\u00f3tese Overdenture<\/strong><br \/>\nPr\u00f3tese total remov\u00edvel sobre implante. Esse tipo de pr\u00f3tese tem um custo menor que a pr\u00f3tese protocolo porque exige menos implantes (2 a 6 em m\u00e9dia) e \u00e9 confeccionada em resina. Esta pr\u00f3tese pode ser retirada pelo paciente e por isto a sua higieniza\u00e7\u00e3o \u00e9 facilitada.[\/vc_column_text][\/vc_column_inner][\/vc_row_inner][\/vc_column][\/vc_row][vc_row][vc_column][mk_padding_divider][mk_fancy_title color=&#8221;#606060&#8243; size=&#8221;28&#8243; font_weight=&#8221;600&#8243; txt_transform=&#8221;uppercase&#8221; font_family=&#8221;none&#8221; align=&#8221;center&#8221;]Ortodontia[\/mk_fancy_title][vc_single_image image=&#8221;146&#8243; img_size=&#8221;5&#215;20&#8243; alignment=&#8221;center&#8221;][vc_row_inner][vc_column_inner width=&#8221;1\/2&#8243;][vc_single_image image=&#8221;21531&#8243; img_size=&#8221;full&#8221;][mk_icon_box_gradient icon_size=&#8221;32&#8243; icon=&#8221;mk-moon-medal-2&#8243; holder_shape=&#8221;starz&#8221; container_color=&#8221;#bfdadc&#8221; icon_hover_color=&#8221;#ffffff&#8221; title=&#8221;Nosso Diferencial&#8221; title_color=&#8221;#c07947&#8243; content_color=&#8221;#b5b5b5&#8243;]Tratamento integrado com outras especialidades odontol\u00f3gicas, possibilitando um excelente resultado de est\u00e9tica e funcionalidade com maior durabilidade do alinhamento dent\u00e1rio.[\/mk_icon_box_gradient][\/vc_column_inner][vc_column_inner width=&#8221;1\/2&#8243;][vc_column_text css=&#8221;.vc_custom_1544112845421{margin-bottom: 0px !important;}&#8221;]Especialidade odontol\u00f3gica que corrige a posi\u00e7\u00e3o dos dentes e dos ossos maxilares posicionados de forma inadequada. Dentes tortos ou dentes que n\u00e3o se encaixam corretamente s\u00e3o dif\u00edceis de ser mantidos limpos, podendo ser perdidos precocemente devido \u00e0 deteriora\u00e7\u00e3o e \u00e0 doen\u00e7a periodontal.<\/p>\n<p>Tamb\u00e9m causam estresse adicional aos m\u00fasculos da mastiga\u00e7\u00e3o, que pode levar a dores de cabe\u00e7a, s\u00edndrome da ATM e dores na regi\u00e3o do pesco\u00e7o, dos ombros e das costas.<\/p>\n<p>Os dentes tortos ou mal posicionados tamb\u00e9m prejudicam a apar\u00eancia. O Tratamento do mal posicionamento dent\u00e1rio resulta em melhora do alinhamento do arco dent\u00e1rio e da est\u00e9tica facial.[\/vc_column_text][\/vc_column_inner][\/vc_row_inner][\/vc_column][\/vc_row][vc_row][vc_column][mk_padding_divider][mk_fancy_title color=&#8221;#606060&#8243; size=&#8221;28&#8243; font_weight=&#8221;600&#8243; txt_transform=&#8221;uppercase&#8221; font_family=&#8221;none&#8221; align=&#8221;center&#8221;]Periodontia[\/mk_fancy_title][vc_single_image image=&#8221;146&#8243; img_size=&#8221;5&#215;20&#8243; alignment=&#8221;center&#8221;][vc_row_inner][vc_column_inner width=&#8221;1\/2&#8243;][vc_single_image image=&#8221;21533&#8243; img_size=&#8221;full&#8221;][mk_icon_box_gradient icon_size=&#8221;32&#8243; icon=&#8221;mk-moon-medal-2&#8243; holder_shape=&#8221;starz&#8221; container_color=&#8221;#bfdadc&#8221; icon_hover_color=&#8221;#ffffff&#8221; title=&#8221;Nosso Diferencial&#8221; title_color=&#8221;#c07947&#8243; content_color=&#8221;#b5b5b5&#8243;]S\u00e3o feitas cirurgias pl\u00e1sticas periodontais e periimplantares, tratando as deformidades est\u00e9ticas do periodonto ao redor dos dentes, na regi\u00e3o de dentes perdidos chamados rebordos ed\u00eantulos (local onde n\u00e3o existe mais o dente) e na regi\u00e3o ao redor dos implantes.[\/mk_icon_box_gradient][\/vc_column_inner][vc_column_inner width=&#8221;1\/2&#8243;][vc_column_text css=&#8221;.vc_custom_1544113247936{margin-bottom: 0px !important;}&#8221;]\u00c9 uma das \u00e1reas da odontologia que trata as doen\u00e7as periodontais, gengivite e periodontite, com sess\u00f5es cl\u00ednicas de terapia periodontal, que consistem na remo\u00e7\u00e3o da placa bacteriana, c\u00e1lculo dental e cirurgias periodontais reconstrutivas.<\/p>\n<p>A periodontia \u00e9 direcionada para os tecidos que envolvem e sustentam os dentes, isto \u00e9, a gengiva e o osso. O periodontista previne e trata problemas de inflama\u00e7\u00e3o gengival e realiza a remo\u00e7\u00e3o da placa bacteriana e do c\u00e1lculo. Al\u00e9m disso, permite adequada est\u00e9tica do contorno da gengiva ao redor dos dentes, garantindo a beleza e harmonia de seu sorriso.<\/p>\n<p>Periodontistas podem tamb\u00e9m ser respons\u00e1veis pela substitui\u00e7\u00e3o de dentes perdidos, com implantes dent\u00e1rios.<\/p>\n<p><strong>Alguns procedimentos na especialidade:<\/strong><\/p>\n<ul>\n<li>Tratamentos n\u00e3o-cir\u00fargicos<\/li>\n<li>Tratamento a laser<\/li>\n<li>Procedimentos regenerativos<\/li>\n<li>Alongamento da coroa dental<\/li>\n<li>Implantes Dent\u00e1rios<\/li>\n<li>Redu\u00e7\u00e3o da bolsa periodontal<\/li>\n<li>Procedimentos em Cirurgia Pl\u00e1stica<\/li>\n<\/ul>\n[\/vc_column_text][\/vc_column_inner][\/vc_row_inner][\/vc_column][\/vc_row][vc_row][vc_column][mk_padding_divider][mk_fancy_title color=&#8221;#606060&#8243; size=&#8221;28&#8243; font_weight=&#8221;600&#8243; txt_transform=&#8221;uppercase&#8221; font_family=&#8221;none&#8221; align=&#8221;center&#8221;]Pr\u00f3tese[\/mk_fancy_title][vc_single_image image=&#8221;146&#8243; img_size=&#8221;5&#215;20&#8243; alignment=&#8221;center&#8221;][vc_row_inner][vc_column_inner width=&#8221;1\/2&#8243;][vc_single_image image=&#8221;21535&#8243; img_size=&#8221;full&#8221;][mk_icon_box_gradient icon_size=&#8221;32&#8243; icon=&#8221;mk-moon-medal-2&#8243; holder_shape=&#8221;starz&#8221; container_color=&#8221;#bfdadc&#8221; icon_hover_color=&#8221;#ffffff&#8221; title=&#8221;Nosso Diferencial&#8221; title_color=&#8221;#c07947&#8243; content_color=&#8221;#b5b5b5&#8243;]Devido \u00e0 integra\u00e7\u00e3o de todas as especialidades odontol\u00f3gicas dentro do consult\u00f3rio, o paciente receber\u00e1 uma pr\u00f3tese mais harm\u00f4nica com os tecidos periodontais e dentes, culminando numa perfeita tr\u00edade: conforto, fun\u00e7\u00e3o e est\u00e9tica.[\/mk_icon_box_gradient][\/vc_column_inner][vc_column_inner width=&#8221;1\/2&#8243;][vc_column_text css=&#8221;.vc_custom_1544114101838{margin-bottom: 0px !important;}&#8221;]Pr\u00f3tese dent\u00e1ria \u00e9 o artefato que substitui total ou parcialmente o dente natural quando n\u00e3o \u00e9 poss\u00edvel restaurar o mesmo com resina composta, ou quando um ou mais dentes foram perdidos. O seu principal objetivo \u00e9 a reabilita\u00e7\u00e3o oral, restabelecendo as fun\u00e7\u00f5es est\u00e9tica, fon\u00e9tica e mastigat\u00f3ria.<\/p>\n<p>Esta \u00e1rea da odontologia \u00e9 respons\u00e1vel pela confec\u00e7\u00e3o de pr\u00f3teses que substituem parte dos dentes perdidos como blocos, coroas e facetas, implantes, pr\u00f3teses fixas e\/ou dentes, estruturas \u00f3sseas e gengivais perdidas com pr\u00f3teses mais complexas sobre implantes ou pr\u00f3teses totais (dentaduras).<\/p>\n<p><strong>Podem ser de tr\u00eas tipos:<\/strong><\/p>\n<ul>\n<li>Pr\u00f3tese Parcial Fixa (cimentada)<\/li>\n<li>Pr\u00f3tese Parcial Remov\u00edvel (com grampos, pontes)<\/li>\n<li>Pr\u00f3tese Total (dentadura).<\/li>\n<\/ul>\n<p>A Pr\u00f3tese Parcial Fixa pode ser feita de porcelana, cer\u00f4mero (resina) ou met\u00e1lica. A Pr\u00f3tese Parcial Remov\u00edvel possui uma parte met\u00e1lica e outra de resina que suportam os dentes artificiais, os quais substituem os dentes ausentes. A Pr\u00f3tese Total \u00e9 feita apenas de resina e dentes artificiais.[\/vc_column_text][\/vc_column_inner][\/vc_row_inner][\/vc_column][\/vc_row][vc_row][vc_column][mk_padding_divider][mk_fancy_title color=&#8221;#606060&#8243; size=&#8221;28&#8243; font_weight=&#8221;600&#8243; txt_transform=&#8221;uppercase&#8221; font_family=&#8221;none&#8221; align=&#8221;center&#8221;]Reabilita\u00e7\u00e3o Oral[\/mk_fancy_title][vc_single_image image=&#8221;146&#8243; img_size=&#8221;5&#215;20&#8243; alignment=&#8221;center&#8221;][vc_row_inner][vc_column_inner width=&#8221;1\/2&#8243;][vc_single_image image=&#8221;21537&#8243; img_size=&#8221;full&#8221;][mk_icon_box_gradient icon_size=&#8221;32&#8243; icon=&#8221;mk-moon-medal-2&#8243; holder_shape=&#8221;starz&#8221; container_color=&#8221;#bfdadc&#8221; icon_hover_color=&#8221;#ffffff&#8221; title=&#8221;Nosso Diferencial&#8221; title_color=&#8221;#c07947&#8243; content_color=&#8221;#b5b5b5&#8243;]Abordagem personalizada para cada paciente, utilizando-se t\u00e9cnicas e aparelhos para dar um plano de tratamento, um cronograma funcional, cujo resultado final \u00e9 a recupera\u00e7\u00e3o total da sa\u00fade bucal. Dentro desta especialidade, existe um tratamento de alto padr\u00e3o que chamamos de\u00a0<strong>Spa odontol\u00f3gico<\/strong>, no qual o paciente recebe um tratamento exclusivo envolvendo todas as \u00e1reas de atua\u00e7\u00e3o do consult\u00f3rio. Basicamente, o consult\u00f3rio fica \u00e0 disposi\u00e7\u00e3o \u00fanica e exclusivamente desse paciente por aproximadamente dois dias, usualmente nos fins de semana.[\/mk_icon_box_gradient][\/vc_column_inner][vc_column_inner width=&#8221;1\/2&#8243;][vc_column_text css=&#8221;.vc_custom_1544114131096{margin-bottom: 0px !important;}&#8221;]Tratamento intensivo da cavidade oral, que trata desde casos mais simples como clareamento e restaura\u00e7\u00e3o, at\u00e9 casos mais complexos como remo\u00e7\u00e3o de dentes, cirurgias avan\u00e7adas, canais, implantes e pr\u00f3teses mais complexas.<\/p>\n<p>Esse tratamento funciona em abordagem multidisciplinar, com v\u00e1rias especialidades que, em conjunto, realizam os diversos tratamentos necess\u00e1rios para reabilitar todas as necessidades do paciente.[\/vc_column_text][\/vc_column_inner][\/vc_row_inner][\/vc_column][\/vc_row]\n<\/section>","protected":false},"excerpt":{"rendered":"<p>[vc_row][vc_column][mk_padding_divider][mk_fancy_title color=&#8221;#606060&#8243; size=&#8221;28&#8243; font_weight=&#8221;600&#8243; txt_transform=&#8221;uppercase&#8221; font_family=&#8221;none&#8221; align=&#8221;center&#8221;]Cirurgia Oral Menor[\/mk_fancy_title][vc_single_image image=&#8221;146&#8243; img_size=&#8221;5&#215;20&#8243; alignment=&#8221;center&#8221;][vc_row_inner][vc_column_inner width=&#8221;1\/2&#8243;][vc_single_image image=&#8221;21517&#8243; img_size=&#8221;full&#8221;][mk_icon_box_gradient icon_size=&#8221;32&#8243; icon=&#8221;mk-moon-medal-2&#8243; holder_shape=&#8221;starz&#8221; container_color=&#8221;#bfdadc&#8221; icon_hover_color=&#8221;#ffffff&#8221; title=&#8221;Nosso Diferencial&#8221; title_color=&#8221;#c07947&#8243; content_color=&#8221;#b5b5b5&#8243;]A realiza\u00e7\u00e3o dos procedimentos \u00e9 feita de uma maneira mais preventiva e com menos danos para o paciente. Portanto, prioriza-se a pr\u00e1tica de um protocolo de preven\u00e7\u00e3o de c\u00e2ncer oral com objetivo [&hellip;]<\/p>\n","protected":false},"author":1,"featured_media":0,"parent":0,"menu_order":0,"comment_status":"closed","ping_status":"closed","template":"","meta":{"footnotes":""},"class_list":["post-21511","page","type-page","status-publish","hentry"],"_links":{"self":[{"href":"https:\/\/rafaelmartins.odo.br\/portal\/wp-json\/wp\/v2\/pages\/21511","targetHints":{"allow":["GET"]}}],"collection":[{"href":"https:\/\/rafaelmartins.odo.br\/portal\/wp-json\/wp\/v2\/pages"}],"about":[{"href":"https:\/\/rafaelmartins.odo.br\/portal\/wp-json\/wp\/v2\/types\/page"}],"author":[{"embeddable":true,"href":"https:\/\/rafaelmartins.odo.br\/portal\/wp-json\/wp\/v2\/users\/1"}],"replies":[{"embeddable":true,"href":"https:\/\/rafaelmartins.odo.br\/portal\/wp-json\/wp\/v2\/comments?post=21511"}],"version-history":[{"count":24,"href":"https:\/\/rafaelmartins.odo.br\/portal\/wp-json\/wp\/v2\/pages\/21511\/revisions"}],"predecessor-version":[{"id":22019,"href":"https:\/\/rafaelmartins.odo.br\/portal\/wp-json\/wp\/v2\/pages\/21511\/revisions\/22019"}],"wp:attachment":[{"href":"https:\/\/rafaelmartins.odo.br\/portal\/wp-json\/wp\/v2\/media?parent=21511"}],"curies":[{"name":"wp","href":"https:\/\/api.w.org\/{rel}","templated":true}]}}